39389 composite?
False
Is 93548530423 a prime number?
True
Is 23808274213 a composite number?
True
Is 16874616949 a prime number?
False
Is 8748403 a composite number?
False
Is 6068847709 a composite number?
False
Is 14280052967 a prime number?
True
Is 31063168079 a composite number?
False
Is 192773437 composite?
False
Is 6047220169 composite?
True
Is 89976211 prime?
False
Is 40083757589 prime?
False
Is 6118893769 prime?
True
Is 21845271067 a composite number?
True
Is 5325676171 a composite number?
False
Is 6337460023 composite?
False
Is 13898123453 composite?
True
Is 9890558999 prime?
False
Is 4513016423 a composite number?
False
Is 78498448087 a prime number?
True
Is 2733994023 a prime number?
False
Is 70243591 composite?
True
Is 2095005509 a composite number?
False
Is 69324971 prime?
False
Is 1057811249 a prime number?
False
Is 5344564141 a composite number?
True
Is 1746421835 a composite number?
True
Is 1386553013 a prime number?
False
Is 2565428555 a composite number?
True
Is 89265215623 a composite number?
False
Is 381755063 prime?
True
Is 1462993163 composite?
False
Is 11870786329 composite?
True
Is 85173067897 a prime number?
True
Is 6227608931 prime?
True
Is 1026095449 a prime number?
False
Is 41873590417 a composite number?
True
Is 256429554331 prime?
False
Is 1496185573 a prime number?
False
Is 799216387 a prime number?
True
Is 489042677 a composite number?
False
Is 123076181 prime?
True
Is 12454337381 a composite number?
True
Is 538220521 prime?
True
Is 3092791327 composite?
True
Is 25441852369 composite?
False
Is 56242780523 composite?
False
Is 4460025779 composite?
True
Is 14475638407 prime?
True
Is 47988457319 a prime number?
False
Is 4553560229 a composite number?
False
Is 472982297 a composite number?
False
Is 2783402 composite?
True
Is 5871313561 prime?
False
Is 1442307094 a composite number?
True
Is 74390400127 composite?
False
Is 4818695029 a composite number?
False
Is 33100424069 prime?
True
Is 62995261649 a prime number?
False
Is 194516561 a composite number?
True
Is 609083119 a prime number?
True
Is 27999056531 a prime number?
False
Is 1859201159 a prime number?
False
Is 920221993 prime?
False
Is 12389791243 composite?
True
Is 6946272317 a composite number?
False
Is 1491037941 a composite number?
True
Is 1494823481 a composite number?
True
Is 47796817 prime?
False
Is 51728428919 prime?
False
Is 5415100993 composite?
False
Is 551551537 a composite number?
False
Is 3244963753 prime?
False
Is 18984421909 a prime number?
True
Is 2893132433 a prime number?
False
Is 7421781883 a prime number?
True
Is 5664784259 composite?
False
Is 90129513673 prime?
False
Is 306452459 prime?
False
Is 88631708293 a composite number?
True
Is 131660077 prime?
True
Is 21458091 prime?
False
Is 23942682053 composite?
False
Is 20160446429 a composite number?
False
Is 64440558197 composite?
True
Is 19156087081 composite?
False
Is 411186103 a composite number?
False
Is 3512514341 a composite number?
True
Is 1461022501 prime?
True
Is 5176465139 a prime number?
True
Is 203178013 composite?
False
Is 171100556773 composite?
False
Is 3280805083 prime?
True
Is 1440360601 composite?
False
Is 8347628491 prime?
True
Is 1598049257 a composite number?
True
Is 207537193 composite?
True
Is 3439863787 a prime number?
True
Is 1800668123 prime?
False
Is 65946544021 a composite number?
True
Is 2110430321 prime?
False
Is 1869513935 a prime number?
False
Is 1547303687 composite?
False
Is 6113710397 prime?
True
Is 4563869459 a composite number?
True
Is 6730582601 prime?
True
Is 94697059967 a composite number?
False
Is 1068255161 prime?
False
Is 58731282889 composite?
True
Is 23894315114 prime?
False
Is 15288595477 prime?
False
Is 385402531 composite?
True
Is 265627883 composite?
False
Is 6281964251 a prime number?
True
Is 2583038249 a composite number?
True
Is 462227503 a prime number?
False
Is 611667923 a composite number?
True
Is 16301476733 a composite number?
True
Is 34505193909 a prime number?
False
Is 96178220857 a prime number?
False
Is 82382302913 composite?
True
Is 96127667 a prime number?
True
Is 12594385 a prime number?
False
Is 1763041094 composite?
True
Is 10225590899 composite?
True
Is 513863891 a prime number?
False
Is 113210611 a composite number?
False
Is 2776777823 a prime number?
False
Is 389420041 a prime number?
False
Is 319849877 a composite number?
True
Is 17153631097 a composite number?
True
Is 9351491857 a prime number?
True
Is 97329129221 composite?
True
Is 16437102541 a composite number?
False
Is 28291171339 a composite number?
True
Is 20256332483 composite?
True
Is 4975924841 a prime number?
True
Is 29112461407 composite?
False
Is 4847155367 composite?
True
Is 753194159 a prime number?
False
Is 4530732523 a prime number?
False
Is 17659599367 composite?
True
Is 38907439 composite?
False
Is 11728576181 a prime number?
False
Is 603505733 composite?
False
Is 2522988317 prime?
True
Is 1651311349 prime?
True
Is 39227045401 a prime number?
True
Is 11111660321 prime?
True
Is 134948407 a prime number?
False
Is 82519540373 a prime number?
True
Is 37233888427 a composite number?
True
Is 347831711 a composite number?
False
Is 1462310429 a composite number?
False
Is 7300173659 composite?
True
Is 2915256433 prime?
False
Is 567542961223 a composite number?
True
Is 970677737 a prime number?
True
Is 1851518577 prime?
False
Is 6174856511 a prime number?
True
Is 4090905881 a composite number?
False
Is 28693738498 a prime number?
False
Is 21229864379 a prime number?
True
Is 1834226335 composite?
True
Is 56024209 a prime number?
True
Is 20889796253 a composite number?
True
Is 43177119823 a composite number?
False
Is 1519189522 composite?
True
Is 1800864305 composite?
True
Is 2611655797 composite?
True
Is 18459302639 composite?
True
Is 889082693 a composite number?
False
Is 2993744249 a composite number?
True
Is 367563467 a prime number?
False
Is 24988695517 composite?
False
Is 2778838703 a prime number?
False
Is 11876009047 a composite number?
True
Is 2695347709 prime?
False
Is 203831000323 a prime number?
True
Is 1656099059 composite?
True
Is 2521545815 a prime number?
False
Is 950391097 composite?
False
Is 1899371053 composite?
True
Is 666041501 a prime number?
False
Is 26132426543 prime?
False
Is 7182910367 composite?
False
Is 95359490185 composite?
True
Is 220631037827 a prime number?
False
Is 81348311791 a prime number?
False
Is 232784471 prime?
True
Is 817074103 composite?
True
Is 3764229961 prime?
True
Is 492539809 a composite number?
False
Is 122725181 a prime number?
True
Is 6246435263 a prime number?
True
Is 6285956519 composite?
False
Is 936310373 prime?
True
Is 13551411349 composite?
True
Is 139915193567 prime?
True
Is 190228711 a prime number?
True
Is 19962886747 a prime number?
True
Is 21754824391 composite?
True
Is 4512404419 composite?
True
Is 12504487433 composite?
False
Is 24286681849 a composite number?
False
Is 40271543107 prime?
True
Is 1414647037 a prime number?
True
Is 22733942587 prime?
False
Is 1381431943 composite?
True
Is 24950369047 composite?
False
Is 12698345999 a prime number?
False
Is 203571374477 a prime number?
False
Is 656436281 prime?
False
Is 4759393801 prime?
True
Is 144152859977 a composite number?
True
Is 13848599743 composite?
True
Is 12412101089 a composite number?
False
Is 1936092299 composite?
False
Is 1621033366 composite?
True
Is 8024815151 a composite number?
False
Is 341966249 a composite number?
False
Is 113198499149 a composite number?
True
Is 7822665731 a prime number?
False
Is 7558647689 a composite number?
False
Is 64681322113 a prime number?
True
Is 6957574721 a prime number?
True
Is 123232309787 a composite number?
False
Is 863903987 a composite number?
False
Is 147730741 prime?
False
Is 24965160611 a prime number?
True
Is 89731523 composite?
True
Is 375831737 a composite number?
False
Is 320845493 a composite number?
False
Is 341297881 a prime number?
True
Is 3103584449 a composite number?
True
Is 18486634793 a composite number?
True
Is 10683888559 composite?
True
Is 569945149 a prime number?
False
Is 1605616535 composite?
True
Is 241665404089 prime?
True
Is 682234393 a prime number?
True
Is 54167075861 prime?
True
Is 5761928773 prime?
False
Is 376084243 composite?
True
Is 913606847 a composite number?
Fal